{"id":886,"date":"2013-02-06T16:33:42","date_gmt":"2013-02-06T15:33:42","guid":{"rendered":"https:\/\/blog.giordanocardillo.it\/?page_id=886"},"modified":"2016-01-18T15:41:52","modified_gmt":"2016-01-18T14:41:52","slug":"il-destino-del-regno-dinverno","status":"publish","type":"page","link":"https:\/\/blog.giordanocardillo.it\/?page_id=886","title":{"rendered":"Il destino del regno d&#8217;inverno"},"content":{"rendered":"<h2>Prologo<\/h2>\n<p><em>Regno d&#8217;inverno, un cielo stellato <\/em><br \/>\n<em>qui leggerete di ci\u00f2 che \u00e8 accaduto. <\/em><br \/>\n<em>Non \u00e8 affatto frutto dell&#8217;immaginato, <\/em><br \/>\n<em>ma solo il racconto di un sogno proibito&#8230;<\/em><\/p>\n<h2 style=\"text-align: left;\">Capitolo 1<\/h2>\n<p>Distesa a terra, vicino la riva di un ruscello, con i corvini capelli adagiati sul manto nevoso, Ninfa osservava le nuvolette che il suo respiro formava nell&#8217;aria. I suoi profondi occhi blu erano fissi a guardare il cielo e si soffermavano di tanto in tanto sui fiocchi che nella loro caduta si posavano ovunque la sua immaginazione potesse volare.<\/p>\n<p>Era il luogo in cui era nata, il Regno d&#8217;Inverno, un posto in cui il freddo era nel clima e nell&#8217;animo di coloro che lo abitavano. Ninfa aveva tante domande nella mente, non aveva mai saputo chi l&#8217;avesse messa al mondo o come fosse giunta in tale luogo, era sempre stata sola. Tutti la evitavano perch\u00e9 era speciale, non invecchiava mai. Manteneva sempre la stessa et\u00e0 nel fisico, ma la sua mente raccoglieva costantemente ricordi ed esperienze.<\/p>\n<p>La giovane si ritrovava spesso a meditare, adorava sedere nella neve e guardare il cielo, era l&#8217;unico modo che aveva per evadere dalla realt\u00e0 che aveva intorno, l&#8217;unico modo per sentirsi davvero serena. Le nuvole erano le sue pi\u00f9 care amiche, si divertiva spesso a osservare quali strane forme esse potessero assumere.<\/p>\n<p>L&#8217;oasi di quiete della ragazza e il vagare della sua mente vennero improvvisamente interrotti da uno strano rumore, qualcosa si muoveva, impercettibile a un orecchio meno attento&#8230; Ella chiuse gli occhi, e tent\u00f2 un gioco: immaginare cosa potesse muoversi con tanta grazia. Isol\u00f2 tutti i suoni, concentrandosi e riflettendo, ma nulla di ci\u00f2 che aveva conosciuto sembrava essere paragonabile a una tale delicatezza. Schiuse quindi gli occhi e scorse una figura incappucciata muovere dei passi che a stento toccavano il suolo.<\/p>\n<p>La giovane stette molto tempo ad osservare tale creatura, mentre piano attraversava il ponte che conduceva al villaggio. Ella not\u00f2 allora che le orme lasciate dallo strano personaggio erano molto marcate. Continu\u00f2 a sedere nella neve, aspettando che il viandante scomparisse oltre il ponte. Assicuratasi che fosse abbastanza lontano da non poterla vedere, si precipit\u00f2 a osservare le orme e scopr\u00ec qualcosa di davvero bizzarro: la neve al loro interno era liquefatta.<\/p>\n<p>Mentre la fanciulla era china a osservare tali orme, la figura le apparve all&#8217;improvviso di fianco, china come lei, con la testa bassa. La giovane, senza timore, tent\u00f2 di sbirciare per poter scorgere il volto del misterioso personaggio. Non riuscendo a soddisfare la sua curiosit\u00e0, tent\u00f2 di parlargli: &#8220;Messere, qual vicenda vi porta qui, al nostro villaggio?&#8221;. Nessuna risposta. Con la mano, Ninfa tent\u00f2 di scostare il cappuccio, temendo che l&#8217;essere non avesse udito la domanda ma, appena la pelle delle sue dita ebbe sfiorato il manto, la figura svan\u00ec in una nuvola di polvere, lasciando la giovane con la mano in aria e con lo sguardo impietrito.<\/p>\n<p>La neve continuava a cadere e Ninfa era ferma, incredula di\u00a0ci\u00f2 che aveva visto, sicura\u00a0di non averlo immaginato. La sua sicurezza derivava anche\u00a0da ci\u00f2 che aveva provato sfiorando il forestiero, una sensazione di calore, di vita, di gioia mai provata prima. Si port\u00f2 la mano alla guancia. Le punte delle sue dita, nonostante il gelo, erano calde.<\/p>\n","protected":false},"excerpt":{"rendered":"<p>Prologo Regno d&#8217;inverno, un cielo stellato qui leggerete di ci\u00f2 che \u00e8 accaduto. Non \u00e8 affatto frutto dell&#8217;immaginato, ma solo il racconto di un sogno proibito&#8230; Capitolo 1 Distesa a terra, vicino la riva di un ruscello, con i corvini &hellip; <a href=\"https:\/\/blog.giordanocardillo.it\/?page_id=886\">Continua a leggere<span class=\"meta-nav\">&rarr;<\/span><\/a><\/p>\n","protected":false},"author":1,"featured_media":0,"parent":0,"menu_order":0,"comment_status":"closed","ping_status":"closed","template":"","meta":{"footnotes":""},"_links":{"self":[{"href":"https:\/\/blog.giordanocardillo.it\/index.php?rest_route=\/wp\/v2\/pages\/886"}],"collection":[{"href":"https:\/\/blog.giordanocardillo.it\/index.php?rest_route=\/wp\/v2\/pages"}],"about":[{"href":"https:\/\/blog.giordanocardillo.it\/index.php?rest_route=\/wp\/v2\/types\/page"}],"author":[{"embeddable":true,"href":"https:\/\/blog.giordanocardillo.it\/index.php?rest_route=\/wp\/v2\/users\/1"}],"replies":[{"embeddable":true,"href":"https:\/\/blog.giordanocardillo.it\/index.php?rest_route=%2Fwp%2Fv2%2Fcomments&post=886"}],"version-history":[{"count":7,"href":"https:\/\/blog.giordanocardillo.it\/index.php?rest_route=\/wp\/v2\/pages\/886\/revisions"}],"predecessor-version":[{"id":955,"href":"https:\/\/blog.giordanocardillo.it\/index.php?rest_route=\/wp\/v2\/pages\/886\/revisions\/955"}],"wp:attachment":[{"href":"https:\/\/blog.giordanocardillo.it\/index.php?rest_route=%2Fwp%2Fv2%2Fmedia&parent=886"}],"curies":[{"name":"wp","href":"https:\/\/api.w.org\/{rel}","templated":true}]}}